Convert 496199 (base 10) to base 11.
309890
2727370 (base 8) to base 15
101d0d
20211111222100 (base 3) to base 7
42604341
Convert -232794 (base 11) to base 9.
-623037
5666c0 (base 15) to base 7
50016450
Convert -2243230034 (base 5) to base 10.
-5055019
Convert 160123052 (base 7) to base 6.
1021542022
-77317 (base 9) to base 2
-1100100001011001
What is -152700 (base 10) in base 7?
-1204122
What is 5194840 (base 10) in base 14?
993240
Convert 26380232 (base 9) to base 4.
301202001122
Convert 763b2 (base 12) to base 16.
261b6
What is 51306 (base 9) in base 12?
17673
Convert 1001010100111010101 (base 2) to base 9.
515208
-25325541 (base 6) to base 3
-1112200022121
-2200536 (base 7) to base 3
-111200020210
Convert -41120441 (base 5) to base 13.
-b8523
-1044025313 (base 6) to base 9
-23376170
-389756 (base 11) to base 2
-10010101101100110000
Convert 11a824 (base 11) to base 9.
318556
What is 517973 (base 10) in base 15?
a3718
What is -1010559 (base 10) in base 3?
-1220100020010
-5da23 (base 15) to base 3
-120012112120
What is -12020001100111 (base 3) in base 8?
-12456340
What is -39e41 (base 16) in base 5?
-30041441
Convert -101716 (base 14) to base 2.
-10000100010100001000
Convert 140327 (base 12) to base 4.
1101013033
What is -23231223021 (base 4) in base 13?
-836880
-13a117 (base 13) to base 10
-479135
Convert -fe409 (base 16) to base 13.
-2a6030
What is 1464c (base 14) in base 3?
2120110102
What is -197b8 (base 15) in base 5?
-10121443
What is 4007b1 (base 12) in base 3?
1212121220021
-311023331 (base 4) to base 14
-5956d
Convert 20101111101121 (base 3) to base 10.
3395239
What is 200221200201 (base 3) in base 6?
11554544
What is -1001111010101111000000 (base 2) in base 14?
-4b9692
111020111211 (base 3) to base 8
775022
What is -1522707 (base 10) in base 16?
-173c13
Convert 20045503 (base 6) to base 3.
1001202211210
-202111101120211 (base 3) to base 8
-51432200
Convert 11100000101101001000 (base 2) to base 12.
384774
Convert 4738057 (base 9) to base 11.
14a1972
-328c3 (base 14) to base 10
-122475
bc8c89 (base 15) to base 14
12a0594
What is -23313333 (base 4) in base 9?
-73643
83864 (base 9) to base 8
154125
-2211050 (base 6) to base 13
-3b33a
Convert 252347 (base 8) to base 11.
5a628
Convert 23407a (base 13) to base 3.
1120112100212
What is 1244040024 (base 5) in base 4?
23313233101
464518 (base 11) to base 14
152d42
What is -12022222000 (base 3) in base 15?
-21169
What is -1112200220022 (base 3) in base 13?
-229790
-228219 (base 10) to base 11
-146512
-8f80 (base 16) to base 9
-55347
What is a963 (base 11) in base 12?
8458
231100213 (base 4) to base 16
2d427
-111102011121 (base 3) to base 9
-442147
Convert 61642 (base 13) to base 10.
174631
What is -1a37884 (base 11) in base 14?
-656471
Convert 412230214 (base 5) to base 8.
6321273
What is -440341441 (base 5) in base 3?
-10112212122101
What is -24130250 (base 6) in base 11?
-47876a
What is -2236453 (base 12) in base 11?
-3769813
Convert -12221232 (base 5) to base 7.
-665206
What is 10000011001011011111 (base 2) in base 3?
1000022001102
Convert -22b9 (base 14) to base 4.
-1132123
Convert 31202320 (base 5) to base 14.
69717
Convert 155660226 (base 7) to base 10.
10586127
What is 255530032 (base 7) in base 8?
76220247
What is 1bc73 (base 16) in base 5?
12120104
Convert -13124022 (base 7) to base 10.
-1199487
19645 (base 11) to base 14
9dab
-b3c75 (base 13) to base 5
-40313021
What is -6ac00 (base 16) in base 15?
-8984d
Convert 224212342 (base 5) to base 3.
1220011122112
-24525 (base 10) to base 16
-5fcd
a69c (base 13) to base 2
101101001001001
Convert -6543db (base 14) to base 10.
-3430781
1334314232 (base 5) to base 4
31011333322
-168284 (base 9) to base 5
-11320420
-102136556 (base 7) to base 15
-7e0938
-12302006 (base 8) to base 6
-134152102
-7196853 (base 11) to base 14
-19893dd
45323 (base 11) to base 2
10000000001000111
3110110231 (base 4) to base 2
11010100010100101101
-16a29 (base 14) to base 16
-de2d
Convert 64445 (base 12) to base 11.
90161
Convert -998b75 (base 12) to base 6.
-124155425
What is 316860 (base 9) in base 6?
4014000
7669808 (base 10) to base 5
3430413213
314205500 (base 6) to base 15
741330
-37656 (base 12) to base 8
-222742
-12d480 (base 15) to base 13
-259215
Convert 200221101000 (base 3) to base 15.
756c9
Convert 142824 (base 10) to base 9.
236823
What is 975889 (base 10) in base 6?
32530001
Convert 56910 (base 12) to base 9.
185213
-1108a (base 14) to base 3
-2002121222
What is -598812 (base 10) in base 6?
-20500140
What is -578505 (base 9) in base 6?
-11240222
1420200403 (base 5) to base 15
4c9ca3
1001111101100011100 (base 2) to base 9
546687
80021 (base 14) to base 2
1001011000010011101
232411344 (base 5) to base 14
1d8544
16713711 (base 9) to base 13
197ba41
Convert 10100000001011 (base 3) to base 16.
1b07ed
What is 515332202 (base 6) in base 8?
42063012
What is 3701975 (base 12) in base 15?
e1635e
-153043024 (base 6) to base 16
-313618
What is -521242 (base 6) in base 8?
-121472
14101405 (base 6) to base 11
2a4717
What is -21015046 (base 7) in base 15?
-24e1aa
Convert -752041 (base 10) to base 8.
-2674651
1001777 (base 8) to base 9
440887
What is 2456543 (base 7) in base 5?
40114430
-10b84 (base 15) to base 16
-cfe8
What is -3204211 (base 5) in base 6?
-1052305
Convert 41aa087 (base 11) to base 8.
34203006
What is 140661 (base 10) in base 16?
22575
Convert e693 (base 16) to base 8.
163223
Convert -10024713 (base 8) to base 13.
-58a565
What is -a8e5f (base 16) in base 14?
-14018b
What is -852526 (base 10) in base 15?
-11c901
-110100011221012 (base 3) to base 6
-352321135
Convert -453435 (base 8) to base 2.
-100101011100011101
What is -1a992 (base 16) in base 10?
-108946
Convert -1da0ca5 (base 14) to base 6.
-1251310025
Convert -17048812 (base 9) to base 8.
-40437357
What is 536ae (base 15) in base 2?
1000000101000111100
-230512 (base 7) to base 3
-2002100011
-2575004 (base 9) to base 6
-50101051
-140002510 (base 6) to base 7
-32541126
What is -1221112340 (base 5) in base 3?
-12110212020120
What is -2552743 (base 8) in base 4?
-2231113203
Convert -510476 (base 9) to base 11.
-197057
506540 (base 7) to base 4
111011132
Convert 101231011122 (base 4) to base 12.
16799b6
-14d52dd (base 14) to base 6
-1002300551
-611489 (base 13) to base 15
-2e9655
What is -30413205 (base 6) in base 4?
-3111013211
Convert -5649587 (base 10) to base 12.
-1a8552b
What is 20022103003 (base 4) in base 6?
113504151
What is 2201a1 (base 13) in base 7?
6541246
Convert -150310452 (base 7) to base 5.
-10020414241
What is 751657 (base 8) in base 10?
250799
Convert -101010002010 (base 3) to base 16.
-309a2
What is 111021000020002 (base 3) in base 7?
113616152
Convert 8a48b (base 13) to base 7.
2064335
Convert -15038133 (base 9) to base 12.
-26005a0
What is 1010110202 (base 3) in base 7?
121523
What is -39778 (base 13) in base 12?
-5192a
What is -2122212101022 (base 3) in base 14?
-28b706
Convert 3438528 (base 9) to base 4.
13011033101
What is -6a755b (base 13) in base 16?
-269984
4a937 (base 15) to base 4
322023313
Convert 1ca2d8 (base 14) to base 12.
41629a
-620772 (base 9) to base 14
-981b2
166871 (base 12) to base 8
1357525
What is -1232323220 (base 4) in base 14?
-bb836
-2173118 (base 9) to base 14
-226619
What is -20112222102112 (base 3) in base 9?
-6488375
185174 (base 11) to base 4
1011211230
Convert -1340412232 (base 5) to base 12.
-11a50a6
Convert 111dba (base 16) to base 12.
46118a
-325b282 (base 12) to base 5
-4423004230
2b4b4 (base 16) to base 15
37822
Convert 19315 (base 11) to base 2.
110100101110111
What is 5792544 (base 11) in base 15?
d4d8d1
10011101000101101101 (base 2) to base 15
ca9ac
What is -191a36 (base 16) in base 9?
-3076600
-10b33b (base 12) to base 10
-268319
32424343 (base 5) to base 4
1010112211
What is -78ca9 (base 15) in base 12?
-166436
Convert 186524 (base 9) to base 14.
3057c
52197c (base 14) to base 6
135214414
53144607 (base 8) to base 4
223030212013
Convert 1137305 (base 8) to base 3.
120210120211
Convert 2332455 (base 6) to base 4.
131210303
Convert 1b01c (base 16) to base 2.
11011000000011100
What is 1b1943 (base 12) in base 6?
14142123
What is 190399 (base 10) in base 14?
4d55d
Convert -2266054 (base 7) to base 13.
-9cbb0
What is 9a6d81 (base 16) in base 1